*l, -955 = -5*w - l. What is the remainder when w is divided by t?
7
Let n = 534 + -536. Calculate the remainder when 165 is divided by 1/n*392/(-7)*1.
25
Let h(o) = o**3 - 5*o**2 - 3*o + 28. Let b be ((-2)/4)/((-1)/(-38)). What is the remainder when h(6) is divided by (0 - 1)*(b + -14)?
13
Let j = -39 + 56. Suppose -2*u + 3*x = 783 - 793, u + 8 = -5*x. What is the remainder when j is divided by u?
1
Suppose -21*h + 73 + 32 = 0. Suppose 7*l - 5*r - 325 = 2*l, r = -h*l + 349. Suppose -24 - 72 = -4*v. What is the remainder when l is divided by v?
21
Suppose -35*j + 3216 = -32*j. Suppose -5*b - 22 = -j. What is the remainder when b is divided by 100?
10
Let u(z) = -9*z + 5. Let i be u(11). Let l = i - -102. Calculate the remainder when 20/l*-2*-5 is divided by 10.
5
Let z(u) be the first derivative of u**4/4 + 16*u**3/3 + 15*u**2/2 + 17*u + 43. Calculate the remainder when 21 is divided by z(-15).
4
Let p = 3181 - 3100. What is the remainder when 240 is divided by p?
78
Let b(n) be the second derivative of n**3/3 + 19*n**2/2 + 12*n. Let t be b(-7). Suppose 273 + 362 = t*d. What is the remainder when d is divided by 43?
41
Suppose 0 = -2*j + 3*d, 5*d + 16 = -j + 29. What is the remainder when 1291 is divided by j?
1
Let f be (-3 + 8)/(-5) - -6. Calculate the remainder when 66 is divided by f/(-2) + 2120/80.
18
Let s = -7183 - -7256. What is the remainder when s is divided by 63?
10
Let g = 391 + -312. Suppose 6*s + 18 = 9*s. Let r(v) = v**2 - 9. Calculate the remainder when g is divided by r(s).
25
Let y(j) = j**3 + 9*j**2 - j - 1. Let q be y(-9). Let g(h) = 16*h - 44. Let c be g(q). Let l = c - 72. Calculate the remainder when l is divided by 4.
0
Suppose 21738 = 594*q - 33504. What is the remainder when q is divided by 20?
13
Suppose 0 = -4*g + 4 + 16. Suppose 5*q + g = 0, -y - 29 = -6*y + 4*q. Suppose 4*s - y*s = -24. Calculate the remainder when s is divided by 13.
11
Let j(m) = 45*m - 1. Suppose 1007 - 1967 = -38*i + 6*i. What is the remainder when j(4) is divided by i?
29
Calculate the remainder when 198 is divided by 1*(83 + 6) - (-7 - 3).
0
Let y = 45 + -19. Let m be 1/(-5) + 130577/85 + -2. Suppose -3209 = -31*a + m. What is the remainder when a is divided by y?
23
Let a = -56 - -81. Let u be (-4*24/16)/((-4)/(-10)). Calculate the remainder when 4/(-30) + ((-1307)/u - -4) is divided by a.
16
Let y = -27 + 51. What is the remainder when (-1023)/(-22) + (-18)/12 is divided by y?
21
Suppose -4*p - 124 = 188. Let o = 245 + p. Calculate the remainder when o is divided by 12.
11
Let w(x) = 5*x**2 + 5*x - 14. Let s(z) = z**3 + 4*z**2 + 6*z - 15. Let h(n) = 2*s(n) - 3*w(n). Calculate the remainder when 44 is divided by h(4).
12
Let i(d) = -67*d + 1038. What is the remainder when i(-14) is divided by 46?
44
Let d = 2585 + -2066. Calculate the remainder when d is divided by 111.
75
Suppose 4*s - 2 = -k - 22, 5*k - 2*s = -56. Let z be ((-6)/(-5))/(2/(-5)). What is the remainder when 68 is divided by (-145)/(-4) - z/k?
32
Suppose 5*g - 2*u = 4874, -9*g + 4938 = -4*g + 6*u. What is the remainder when g is divided by 35?
33
Suppose 49*d - 19082 = -1498 + 1428. Calculate the remainder when d is divided by 187.
14
Let g(x) = -123*x - 766. Let m be g(-6). Let r = 32 + -63. Let o = m - r. Calculate the remainder when 32 is divided by o.
2
Let f be (-14)/(-21) - 7/(-3). Suppose o + 78 = 4*c, 4*c + f*o - 72 = o. Suppose -c*r + 11*r = -152. Calculate the remainder when 90 is divided by r.
14
Let i = 57 + -25. Suppose -208*p + 196*p + 240 = 0. What is the remainder when i is divided by p?
12
Let t = -2764 - -2812. Let a(s) = s**3 - 11*s**2 + 12*s - 7. Let w(u) = 2*u. Let g be w(5). Calculate the remainder when t is divided by a(g).
9
Suppose 3*n - 2*d = 84, -3*n + 5*d + 169 = 76. What is the remainder when 367 is divided by n?
3
Let v(t) = 24*t**2 + 1078*t - 60. Calculate the remainder when 378 is divided by v(-45).
18
Let s(x) = x**3 - 7*x**2 - 8*x + 2. Let l be s(7). What is the remainder when ((-19)/((-855)/l))/(3/(-395)) is divided by 40?
38
Suppose -7*x = -2*d - 4*x - 2 + 58, 0 = -2*x. What is the remainder when 74 is divided by d?
18
Let r(h) = h**2 - 10*h - 16. Let x be (8/(-6))/((-5)/15 + 0). Suppose -2*t + 35 = a + x, 10 = 2*t. Calculate the remainder when r(a) is divided by 54.
53
What is the remainder when (-790260)/(-360) - (-4)/(-6) - (-5)/(-10) is divided by 34?
18
Calculate the remainder when (224 - 1)/(((-287)/(-14))/41) is divided by 136.
38
Suppose 12 = l - 4*q - q, 0 = 3*l + 2*q - 2. Suppose 2*h = 4*o + 64, -3 - 13 = -h - l*o. Let s = -12 - -21. What is the remainder when h is divided by s?
6
Let y(r) = -1130*r + 53. Let g = 89 - 64. Calculate the remainder when y(0) is divided by g.
3
Let l = -14 + 23. Suppose -253*t = -257*t + 192. Let d = 61 - t. What is the remainder when d is divided by l?
4
Let p(g) = -g - 19. Suppose -2*h - 19 = -h. Let m be p(h). Suppose -u = 4*b - 13, m = -2*u - b + 5*b + 26. What is the remainder when 73 is divided by u?
8
Suppose p = -28*p + 1044. What is the remainder when (p/7)/(7/294) is divided by 7?
6
Let p(d) = 130*d**2 + 20*d + 78. What is the remainder when p(3) is divided by 224?
188
Suppose 7*h - 4*h + 6 = 3*p, -5*p = 3*h - 10. Suppose -p*o + s = -31, -3*o = -5*o - 4*s + 16. What is the remainder when (-4 + o)*2*1 is divided by 7?
6
Suppose 0 = 18*o - 488 + 398. Calculate the remainder when 1407 is divided by o.
2
Let a be 7/(14/436) - -2*1. Let f be (a/(-12) - -3)*-3. Suppose 4*p - 5 = 3*u, -2*u - 11 = 5*p - f. Calculate the remainder when 11 is divided by u.
1
Calculate the remainder when (64 - (-2 + 10)) + (70/7)/2 is divided by 27.
7
Let i(t) = -t**3 + 49*t**2 + 38*t + 1047. What is the remainder when i(50) is divided by 156?
135
Let s(m) = 1718*m + 1501. What is the remainder when s(10) is divided by 36?
33
Let t be 0 - (-1 - 0/1). Let f be t + (-1 - 0) + (16 - 19). Let m(u) = -5*u + 16. Calculate the remainder when 59 is divided by m(f).
28
Let s(c) = -2*c - 13. Suppose 0 = -2*k + 10. Let g be s(k). Let i = -17 - g. Calculate the remainder when 10 is divided by i.
4
Let k = 163 - 160. Suppose 6 = k*y, -10*y = x - 13*y - 28. Calculate the remainder when x is divided by 9.
7
Suppose -y = -t + 2, 3*y + 618 - 634 = t. Calculate the remainder when 31204 is divided by t.
8
Suppose 2*s + 208 = 28*s. Suppose -s*q + 1119 = 5*g - 12*q, -5*q - 5 = 0. What is the remainder when g is divided by 16?
15
Suppose 0 = -1160*o + 1198*o - 31631 - 973. Calculate the remainder when o is divided by 16.
10
Let t = 27 + -15. Let q(j) = -5*j - 157. Let n be q(-32). Suppose a + n*z = 5*a - 9, 5*z + 7 = 4*a. Calculate the remainder when t is divided by a.
0
Let t be 2*(10/4 + 1). Suppose -t*z + 7 = -7. Suppose 7*k - 2*k + 48 = z*d, 3*d - 61 = 2*k. What is the remainder when 32 is divided by d?
13
Suppose -g + 242 = 4*c, -12*c + 17*c + 497 = 2*g. What is the remainder when 730 is divided by g?
238
Suppose 5*p - 2*v - 233 = 0, -3*p + 2*v - 7*v + 146 = 0. Suppose -p*i + 18*i + 580 = 0. What is the remainder when (-32)/(-1*1/3) is divided by i?
16
Suppose -70*b + 59*b - 130*b = -1692. Calculate the remainder when 119 is divided by b.
11
Suppose -686 + 218 = -6*y. Let d(g) = -5 + 2*g - 3*g - 4*g. What is the remainder when y is divided by d(-5)?
18
Let x(z) = -z**2 + 61*z + 145. Let o be x(46). Let n = o + -824. What is the remainder when 15 is divided by n?
4
Suppose 342*l - 304*l - 94582 = 0. Calculate the remainder when l is divided by 228.
209
Suppose 3*s - 450 = 2*z - 2*s, z + 225 = -5*s. Let b(i) = -i**3 + 14*i**2 - 13*i + 9. What is the remainder when b(13) is divided by -8*((z/12)/(-5) + -4)?
1
Let t(c) = 3*c**2 + 3*c - 7. Let s be (8/10)/((-2)/10). Let y(n) = 3*n**2 - 4*n - 168. What is the remainder when y(-10) is divided by t(s)?
27
Let r(h) = 16*h**2 + 9*h**3 + 27*h - 2 - 29*h**3 + 9*h**3 + 12*h**3. Calculate the remainder when r(-14) is divided by 9.
3
Let d = 189 + -185. Suppose -4*i - 3 = 3*c - d*c, 2*i + 105 = 5*c. What is the remainder when 45 is divided by c?
22
Let o be 2*(0 - 1/(-1)). Suppose 5*x + 3*q = -2, 0 = o*x - 2*q + 3*q. Suppose 3*u = -3*p + 48, 10 + 0 = -x*u. Calculate the remainder when 78 is divided by p.
15
Suppose -5*c = 3*c. Suppose c = u + 3*u - 108. Let d = 156 - 51. What is the remainder w